98595988?
5
What is the millions digit of 7701594?
7
What is the hundreds digit of 232013893?
8
What is the hundreds digit of 47542792?
7
What is the units digit of 34244773?
3
What is the thousands digit of 504121605?
1
What is the tens digit of 5133065687?
8
What is the hundred thousands digit of 4550260012?
2
What is the hundred millions digit of 5589449134?
5
What is the ten thousands digit of 99943237?
4
What is the thousands digit of 170818238?
8
What is the hundred millions digit of 2080960215?
0
What is the ten thousands digit of 1331079884?
7
What is the ten thousands digit of 72195456?
9
What is the ten thousands digit of 352803161?
0
What is the hundred thousands digit of 134174859?
1
What is the tens digit of 112028236?
3
What is the millions digit of 25963183?
5
What is the thousands digit of 576947067?
7
What is the hundreds digit of 2626172103?
1
What is the units digit of 175848305?
5
What is the tens digit of 254489768?
6
What is the millions digit of 6617195922?
7
What is the hundreds digit of 3443626811?
8
What is the hundred thousands digit of 3059858780?
8
What is the units digit of 1015904731?
1
What is the units digit of 1375814387?
7
What is the ten thousands digit of 50587628?
8
What is the hundreds digit of 40007569?
5
What is the tens digit of 51306864?
6
What is the tens digit of 114158080?
8
What is the hundred thousands digit of 680994877?
9
What is the hundred millions digit of 954163939?
9
What is the hundred thousands digit of 202949451?
9
What is the ten millions digit of 51471114?
5
What is the millions digit of 563173042?
3
What is the thousands digit of 18330177?
0
What is the hundred thousands digit of 632050904?
0
What is the millions digit of 427861834?
7
What is the hundred millions digit of 635450681?
6
What is the millions digit of 41458885?
1
What is the ten millions digit of 4508490653?
0
What is the hundred thousands digit of 455939595?
9
What is the hundred millions digit of 283865241?
2
What is the units digit of 6752187?
7
What is the hundreds digit of 1516733452?
4
What is the ten thousands digit of 395386538?
8
What is the units digit of 490574785?
5
What is the hundreds digit of 683429833?
8
What is the hundreds digit of 431512162?
1
What is the tens digit of 7527667?
6
What is the ten thousands digit of 26881413?
8
What is the ten thousands digit of 1800597385?
9
What is the hundreds digit of 2888559303?
3
What is the ten thousands digit of 139811882?
1
What is the hundred thousands digit of 47776008?
7
What is the hundreds digit of 249120632?
6
What is the thousands digit of 100889205?
9
What is the hundred thousands digit of 41111859?
1
What is the ten millions digit of 1373540764?
7
What is the hundreds digit of 12309506?
5
What is the ten millions digit of 73176891?
7
What is the millions digit of 54115265?
4
What is the millions digit of 101634608?
1
What is the hundred thousands digit of 344589079?
5
What is the hundred thousands digit of 581559835?
5
What is the ten thousands digit of 130548272?
4
What is the millions digit of 14597041?
4
What is the hundred millions digit of 414455875?
4
What is the hundreds digit of 1074885067?
0
What is the ten thousands digit of 25748614?
4
What is the ten thousands digit of 85180605?
8
What is the units digit of 62608737?
7
What is the ten millions digit of 142269917?
4
What is the thousands digit of 56122725?
2
What is the hundreds digit of 3043491447?
4
What is the hundred thousands digit of 61778102?
7
What is the millions digit of 358771848?
8
What is the units digit of 496830998?
8
What is the hundred thousands digit of 148824038?
8
What is the ten millions digit of 7421492202?
2
What is the tens digit of 574634856?
5
What is the hundred millions digit of 1061984375?
0
What is the ten millions digit of 636670658?
3
What is the hundred thousands digit of 192913283?
9
What is the ten thousands digit of 334868568?
6
What is the thousands digit of 1051325915?
5
What is the units digit of 107443562?
2
What is the hundred thousands digit of 439567727?
5
What is the hundreds digit of 272398182?
1
What is the millions digit of 381384954?
1
What is the ten thousands digit of 114998340?
9
What is the hundreds digit of 124582437?
4
What is the ten millions digit of 280348583?
8
What is the thousands digit of 140907722?
7
What is the millions digit of 17406881?
7
What is the units digit of 1748426312?
2
What is the thousands digit of 820463849?
3
What is the hundred thousands digit of 1278770455?
7
What is the units digit of 4739816522?
2
What is the units digit of 14551553?
3
What is the tens digit of 5822821901?
0
What is the ten millions digit of 488582579?
8
What is the units digit of 883907128?
8
What is the ten thousands digit of 162030444?
3
What is the billions digit of 2463236624?
2
What is the millions digit of 40045986?
0
What is the hundred millions digit of 3585956944?
5
What is the hundred millions digit of 929326264?
9
What is the tens digit of 395281?
8
What is the tens digit of 698822021?
2
What is the millions digit of 787824062?
7
What is the ten thousands digit of 1285709232?
0
What is the millions digit of 36625965?
6
What is the tens digit of 560562235?
3
What is the hundreds digit of 1289265842?
8
What is the billions digit of 1093339760?
1
What is the ten thousands digit of 2170924068?
2
What is the tens digit of 50917263?
6
What is the hundreds digit of 1373221418?
4
What is the thousands digit of 346927551?
7
What is the hundred thousands digit of 2758564?
7
What is the hundred thousands digit of 231138035?
1
What is the millions digit of 4258784359?
8
What is the hundreds digit of 127809228?
2
What is the millions digit of 12542179?
2
What is the tens digit of 87194570?
7
What is the tens digit of 50843350?
5
What is the units digit of 8813427?
7
What is the units digit of 393303496?
6
What is the millions digit of 237362757?
7
What is the millions digit of 429674600?
9
What is the thousands digit of 99929094?
9
What is the ten thousands digit of 21642693?
4
What is the hundred thousands digit of 76879407?
8
What is the thousands digit of 281389747?
9
What is the thousands digit of 37118242?
8
What is the hundreds digit of 4399776770?
7
What is the ten millions digit of 57695959?
5
What is the thousands digit of 1092557591?
7
What is the hundreds digit of 275988762?
7
What is the hundreds digit of 20564805?
8
What is the hundred millions digit of 290186054?
2
What is the units digit of 34879297?
7
What is the hundred thousands digit of 122551257?
5
What is the hundred thousands digit of 7386968?
3
What is the hundred thousands digit of 2231896383?
8
What is the billions digit of 3315209975?
3
What is the billions digit of 5283412435?
5
What is the ten millions digit of 814381205?
1
What is the hundred thousands digit of 77526517?
5
What is the ten thousands digit of 22435237?
3
What is the units digit of 1260412780?
0
What is the billions digit of 6846319640?
6
What is the hundred millions digit of 303720285?
3
What is the millions digit of 22126996?
2
What is the millions digit of 3883093953?
3
What is the hundreds digit of 2797438?
4
What is the units digit of 1028561441?
1
What is the thousands digit of 95196832?
6
What is the hundred thousands digit of 327434893?
4
What is the hundred thousands digit of 23019353?
0
What is the billions digit of 3103922918?
3
What is the hundred thousands digit of 7904006?
9
What is the billions digit of 1271873133?
1
What is the hundred thousands digit of 977418874?
4
What is the hundreds digit of 27808843?
8
What is the hundreds digit of 188158253?
2
What is the tens digit of 123466349?
4
What is the hundred thousands digit of 21156992?
1
What is the ten thousands digit of 308710132?
1
What is the tens digit of 169176174?
7
What is the millions digit of 2557706019?
7
What is the units digit of 163435523?
3
What is the units digit of 1372526527?
7
What is the tens digit of 289131528?
2
What is the millions digit of 469099941?
9
What is the thousands digit of 9132692?
2
What is the ten millions digit of 476159747?
7
What is the ten thousands digit of 36305383?
0
What is the thousands digit of 4955244833?
4
What is the ten millions digit of 59885838?
5
What is the hundreds digit of 1301